7) in base 8?
1515
Convert 1283 (base 10) to base 6.
5535
-1042 (base 12) to base 4
-123302
What is 2599 (base 14) in base 4?
1213023
48616 (base 10) to base 16
bde8
-462 (base 13) to base 8
-1364
Convert 1d1 (base 16) to base 12.
329
-10230 (base 4) to base 7
-606
-31764 (base 10) to base 14
-b80c
Convert -1103122 (base 4) to base 9.
-7281
Convert 1111222 (base 3) to base 6.
5042
What is -11011101011 (base 2) in base 8?
-3353
Convert 1220033 (base 4) to base 7.
25310
-4542 (base 8) to base 6
-15042
What is 1111011111 (base 2) in base 9?
1321
What is 5a6 (base 12) in base 13?
501
Convert 16 (base 11) to base 2.
10001
Convert -6192 (base 12) to base 16.
-297e
11322 (base 4) to base 3
112000
What is -103110 (base 6) in base 5?
-232331
What is 1b79 (base 13) in base 11?
3139
-12012 (base 4) to base 8
-606
Convert -761 (base 13) to base 4.
-103232
3313 (base 5) to base 13
293
What is 652 (base 8) in base 6?
1550
What is -225 (base 10) in base 15?
-100
Convert 118b (base 13) to base 10.
2481
What is 5dd (base 15) in base 7?
3613
What is -523 (base 9) in base 13?
-26a
30501 (base 6) to base 5
112234
Convert 2655 (base 16) to base 10.
9813
-2150 (base 9) to base 16
-630
Convert -1a0 (base 13) to base 14.
-175
-52245 (base 6) to base 5
-211023
3bb (base 13) to base 12
471
Convert 1246 (base 12) to base 6.
13330
32022 (base 5) to base 11
1673
What is -124021 (base 5) in base 10?
-4886
Convert 5447 (base 8) to base 13.
13b8
Convert 136 (base 11) to base 3.
12221
Convert -4330 (base 6) to base 3.
-1100200
Convert 211251 (base 8) to base 9.
116405
Convert 1000100011010100 (base 2) to base 5.
2110103
What is 5083 (base 9) in base 7?
13563
Convert 11020110 (base 3) to base 2.
110000010010
Convert -1436d (base 15) to base 4.
-33312013
Convert -31202333 (base 4) to base 2.
-1101100010111111
Convert 43aa (base 12) to base 2.
1110100110010
Convert 3513 (base 6) to base 15.
3ac
Convert -100000001 (base 2) to base 9.
-315
What is -123044 (base 5) in base 2?
-1001010100110
What is 110100010 (base 2) in base 10?
418
97a (base 15) to base 5
32030
Convert 211012 (base 4) to base 14.
c18
-43544 (base 7) to base 16
-2a9e
Convert 10000001011 (base 2) to base 7.
3006
What is 2741 (base 9) in base 4?
200032
410 (base 15) to base 13
555
What is -11502 (base 7) in base 15?
-d46
1431 (base 8) to base 3
1002101
-8f6 (base 16) to base 13
-1076
Convert 2212122210 (base 3) to base 9.
85583
What is -673 (base 14) in base 16?
-4fd
-fc (base 16) to base 3
-100100
356 (base 8) to base 6
1034
What is c468 (base 14) in base 8?
102014
234132 (base 6) to base 8
47610
Convert 3771 (base 8) to base 11.
1596
3020 (base 4) to base 10
200
11012020 (base 3) to base 9
4166
-173 (base 10) to base 5
-1143
What is 9798 (base 13) in base 10?
21081
What is -143235 (base 6) in base 15?
-40d8
-256 (base 15) to base 14
-29d
Convert -24b (base 12) to base 3.
-110212
1101110011001 (base 2) to base 14
2809
What is -9f6 (base 16) in base 15?
-b50
What is -10325 (base 6) in base 15?
-64b
-342 (base 10) to base 15
-17c
What is 403223 (base 5) in base 10?
12938
-3123321 (base 4) to base 9
-21266
-a972 (base 11) to base 10
-14478
What is -1010 (base 4) in base 9?
-75
What is -650 (base 8) in base 3?
-120201
Convert -1120121122 (base 3) to base 4.
-13211123
What is 12101223 (base 4) in base 9?
38233
Convert 6116 (base 11) to base 9.
12126
Convert -521 (base 11) to base 13.
-394
What is 3012 (base 6) in base 10?
656
Convert 133012 (base 5) to base 9.
7340
-3622 (base 7) to base 10
-1339
Convert 205 (base 10) to base 15.
da
7321 (base 11) to base 13
4555
7272 (base 8) to base 7
13664
Convert 311132 (base 4) to base 9.
4622
What is -1131 (base 4) in base 12?
-79
Convert 1871 (base 9) to base 6.
10401
3206 (base 8) to base 13
9b6
What is 5045 (base 13) in base 2?
10101100100010
Convert 2222232 (base 4) to base 6.
122330
What is -13433 (base 5) in base 6?
-5102
Convert 169b (base 16) to base 3.
21221100
32219 (base 10) to base 5
2012334
Convert -1205 (base 7) to base 9.
-545
Convert -100011001101 (base 2) to base 13.
-1044
Convert -110111111001 (base 2) to base 10.
-3577
Convert -1b3e (base 16) to base 3.
-100120022
What is -3477 (base 10) in base 9?
-4683
What is -1200210200 (base 3) in base 12?
-173a6
32050 (base 7) to base 11
5a54
What is 22c4 (base 13) in base 12?
29b8
-11110001000000 (base 2) to base 15
-4884
d5 (base 14) to base 6
511
-74322 (base 10) to base 15
-1704c
What is 3222 (base 5) in base 6?
2005
3203132 (base 4) to base 7
60305
What is -24a4 (base 13) in base 7?
-21113
-2243 (base 10) to base 16
-8c3
-10000001 (base 3) to base 13
-cc4
What is -1005 (base 12) in base 9?
-2335
What is 3011 (base 5) in base 4?
11331
What is -1807 (base 9) in base 15?
-624
-498 (base 11) to base 10
-591
857 (base 12) to base 8
2303
195a (base 11) to base 7
10150
422 (base 5) to base 16
70
What is -7 (base 9) in base 16?
-7
110110011 (base 2) to base 11
366
Convert -9305 (base 12) to base 5.
-1002424
Convert 2471 (base 9) to base 11.
1429
26d (base 14) to base 9
603
-110000000101100 (base 2) to base 13
-b28b
What is -2224 (base 6) in base 12?
-374
What is 1e3 (base 16) in base 3?
122220
Convert 2726 (base 9) to base 13.
c18
cd1 (base 14) to base 2
100111100111
What is 3378 (base 11) in base 2?
1000101011001
What is -1125 (base 7) in base 9?
-506
-4930a (base 11) to base 3
-10121021112
224333 (base 6) to base 9
28223
Convert -796 (base 10) to base 8.
-1434
What is 24101 (base 7) in base 13?
2aaa
Convert 1aa9 (base 15) to base 13.
282c
What is 5f4f (base 16) in base 7?
131064
What is b500 (base 13) in base 6?
311444
What is 1101001011 (base 2) in base 16?
34b
-1141424 (base 5) to base 10
-21489
Convert 1212000 (base 3) to base 13.
7cb
What is -2861 (base 9) in base 14?
-b05
What is -1632 (base 8) in base 12?
-64a
What is 1111011111100 (base 2) in base 7?
32061
Convert -202 (base 13) to base 15.
-17a
Convert -1766 (base 8) to base 16.
-3f6
Convert 3a45 (base 11) to base 9.
7175
Convert 31546 (base 7) to base 5.
222300
Convert 1bd (base 15) to base 2.
110010011
What is 39c (base 15) in base 10?
822
Convert 10010000000101 (base 2) to base 14.
3509
18a9 (base 13) to base 7
13516
What is -111245 (base 6) in base 14?
-35c9
223120 (base 6) to base 9
27753
-2a013 (base 12) to base 6
-1132023
Convert -100100011000010 (base 2) to base 10.
-18626
-1393a (base 11) to base 7
-111425
3898 (base 11) to base 8
11714
20001 (base 4) to base 14
289
-1568 (base 9) to base 6
-5312
-15d (base 16) to base 5
-2344
34511 (base 6) to base 8
11513
Convert -1023 (base 7) to base 11.
-2a8
What is 20001 (base 4) in base 10?
513
-2237 (base 9) to base 7
-4552
What is 288a8 (base 11) in base 10?
41016
23b6 (base 12) to base 15
12d6
-63267 (base 9) to base 13
-16027
1536 (base 7) to base 14
31d
Convert 33a4 (base 12) to base 13.
27c7
What is -11120200 (base 3) in base 12?
-1b23
Convert -374 (base 12) to base 16.
-208
Convert 210211 (base 3) to base 8.
1115
-2256 (base 7) to base 9
-1116
Convert -38c (base 15) to base 7.
-2232
Convert -2023020 (base 4) to base 13.
-408c
6206 (base 8) to base 9
4352
What is 5a8 (base 12) in base 13?
503
-362 (base 9) to base 10
-299
23999 (base 12) to base 10
48069
What is -134532 (base 7) in base 14?
-94c2
Convert 15 (base 13) to base 2.
10010
Convert 3559 (base 15) to base 16.
2c46
What is 2465 (base 15) in base 9?
11555
What is 407a (base 11) in base 5?
133121
What is 3245 (base 10) in base 5?
100440
What is -da3 (base 16) in base 7?
-13115
What is -3720 (base 16) in base 12?
-8200
1ed4 (base 16) to base 4
1323110
What is -21d (base 15) in base 5?
-3403
What is 3b98 (base 12) in base 3?
100102222
What is -13565 (base 7) in base 16?
-e8a
473 (base 12) to base 10
663
Convert -11ab (base 14) to base 4.
-300103
Convert -2010112 (base 4) to base 6.
-103114
41b (base 16) to base 14
551
Convert 1020 (base 3) to base 5.
113
-2357 (base 12) to base 4
-331303
Convert -1123020 (base 4) to base 13.
-2868
What is 1383 (base 9) in base 16?
417
-1142 (base 8) to base 7
-1531
Convert 372 (base 10) to base 16.
174
Convert -122 (base 12) to base 9.
-208
-101123 (base 8) to base 4
-20021103
What is 2777 (base 10) in base 16?
ad9
What is 185a (base 11) in base 16?
93c
What is 594 (base 14) in base 11?
91a
What is 20104 (base 6) in bas